{"id":333,"date":"2024-08-30T16:27:19","date_gmt":"2024-08-30T14:27:19","guid":{"rendered":"https:\/\/i-pro.hu\/?page_id=333"},"modified":"2026-04-08T15:55:23","modified_gmt":"2026-04-08T13:55:23","slug":"uzemcsarnok-iroda-berles","status":"publish","type":"page","link":"https:\/\/i-pro.hu\/?page_id=333","title":{"rendered":"Elad\u00f3 lak\u00f3parki lak\u00e1sok"},"content":{"rendered":"\n<p>Esztergom-Kertv\u00e1rosban a Keszt\u00f6lci \u00fat 2. sz\u00e1m alatt \u00e9p\u00fcl\u0151 <strong>Juharliget<\/strong> lak\u00f3park lak\u00e1sai el\u0151rendelhet\u0151v\u00e9 v\u00e1ltak. A 28 lak\u00e1sos lak\u00f3park a k\u00f6rforgalom k\u00f6zel\u00e9ben, a bev\u00e1s\u00e1rl\u00f3 \u00fczlet \u00e9s az \u00fajonnan ny\u00edlt sportk\u00f6zpont szomsz\u00e9ds\u00e1g\u00e1ban, rendk\u00edv\u00fcl frekvent\u00e1lt helyen van, n\u00e9h\u00e1ny percre a buszmeg\u00e1ll\u00f3t\u00f3l. A ter\u00fclet beker\u00edtett, parkol\u00e1s a lak\u00e1s el\u0151tt k\u00f6zvetlen\u00fcl dedik\u00e1lt parkol\u00f3helyen t\u00f6rt\u00e9nik. Minden lak\u00e1s k\u00fcl\u00f6n bej\u00e1rat\u00fa, teraszos.<br><\/p>\n\n\n\n<p>Az \u00e9p\u00fclet 20cm-es dryvit szigetel\u00e9ssel \u00e9s 3 r\u00e9teg\u0171 red\u0151ny\u00f6s ny\u00edl\u00e1sz\u00e1r\u00f3kkal rendelkezik, ennek k\u00f6sz\u00f6nhet\u0151en A++ energetikai besorol\u00e1s\u00fa, \u00edgy minim\u00e1lis a rezsik\u00f6lts\u00e9ge. <br><br>A lak\u00e1sok kulcsrak\u00e9sz \u00e1llapotban ker\u00fclnek \u00e1tad\u00e1sra 2026 \u00e9v v\u00e9g\u00e9ig, konyhab\u00fator n\u00e9lk\u00fcl. A bels\u0151 burkolatok, szaniterek a vev\u0151 \u00edzl\u00e9se alapj\u00e1n v\u00e1laszhat\u00f3ak.<\/p>\n\n\n\n<p>A modern, h\u00e1rom szintes \u00e9p\u00fcletben a k\u00f6vetkez\u0151 lak\u00e1sok ker\u00fclnek kialak\u00edt\u00e1sra:<\/p>\n\n\n\n<p><\/p>\n\n\n\n<ul><li>12 db 35-37 n\u00e9gyzetm\u00e9teres f\u00f6ldszinti lak\u00e1s<\/li><li>6 db 54 n\u00e9gyzetm\u00e9teres 1. emeleti lak\u00e1s<\/li><li>2 db 71 n\u00e9gyzetm\u00e9teres 1. emeleti lak\u00e1s<\/li><li>8 db 64 n\u00e9gyzetm\u00e9teres 2. emeleti lak\u00e1s<\/li><\/ul>\n\n\n\n<h4><\/h4>\n\n\n\n<figure class=\"wp-block-gallery has-nested-images columns-default is-cropped\">\n<figure class=\"wp-block-image size-large\"><img loading=\"lazy\" width=\"1024\" height=\"576\" data-id=\"379\"  src=\"https:\/\/i-pro.hu\/wp-content\/uploads\/2026\/04\/latvany_01-1024x576.jpg\" alt=\"\" class=\"wp-image-379\" srcset=\"https:\/\/i-pro.hu\/wp-content\/uploads\/2026\/04\/latvany_01-1024x576.jpg 1024w, https:\/\/i-pro.hu\/wp-content\/uploads\/2026\/04\/latvany_01-300x169.jpg 300w, https:\/\/i-pro.hu\/wp-content\/uploads\/2026\/04\/latvany_01-768x432.jpg 768w, https:\/\/i-pro.hu\/wp-content\/uploads\/2026\/04\/latvany_01-1140x641.jpg 1140w, https:\/\/i-pro.hu\/wp-content\/uploads\/2026\/04\/latvany_01.jpg 1365w\" sizes=\"(max-width: 1024px) 100vw, 1024px\" \/><\/figure>\n<\/figure>\n\n\n\n<div class=\"wp-container-1 wp-block-group\"><div class=\"wp-block-group__inner-container\">\n<figure class=\"wp-block-gallery has-nested-images columns-default is-cropped\">\n<figure class=\"wp-block-image size-large\"><img loading=\"lazy\" width=\"960\" height=\"540\" src=\"https:\/\/i-pro.hu\/wp-content\/uploads\/2026\/04\/latvany_06.atmeretezett-1.jpg\" alt=\"\" class=\"wp-image-403\" srcset=\"https:\/\/i-pro.hu\/wp-content\/uploads\/2026\/04\/latvany_06.atmeretezett-1.jpg 960w, https:\/\/i-pro.hu\/wp-content\/uploads\/2026\/04\/latvany_06.atmeretezett-1-300x169.jpg 300w, https:\/\/i-pro.hu\/wp-content\/uploads\/2026\/04\/latvany_06.atmeretezett-1-768x432.jpg 768w\" sizes=\"(max-width: 960px) 100vw, 960px\" \/><\/figure>\n\n\n\n<figure class=\"wp-block-image size-large\"><img loading=\"lazy\" width=\"1024\" height=\"576\" src=\"https:\/\/i-pro.hu\/wp-content\/uploads\/2026\/04\/latvany_02-3-1024x576.jpg\" alt=\"\" class=\"wp-image-404\" srcset=\"https:\/\/i-pro.hu\/wp-content\/uploads\/2026\/04\/latvany_02-3-1024x576.jpg 1024w, https:\/\/i-pro.hu\/wp-content\/uploads\/2026\/04\/latvany_02-3-300x169.jpg 300w, https:\/\/i-pro.hu\/wp-content\/uploads\/2026\/04\/latvany_02-3-768x432.jpg 768w, https:\/\/i-pro.hu\/wp-content\/uploads\/2026\/04\/latvany_02-3-1140x641.jpg 1140w, https:\/\/i-pro.hu\/wp-content\/uploads\/2026\/04\/latvany_02-3.jpg 1365w\" sizes=\"(max-width: 1024px) 100vw, 1024px\" \/><\/figure>\n<\/figure>\n<\/div><\/div>\n\n\n\n<div class=\"wp-container-2 wp-block-group\"><div class=\"wp-block-group__inner-container\">\n<h3>F\u00f6ldszinti 35-37 n\u00e9gyzetm\u00e9teres lak\u00e1sok<\/h3>\n<\/div><\/div>\n\n\n\n<p>A f\u00f6ldszinti lak\u00e1sokban padl\u00f3f\u0171t\u00e9s van, h\u0151szivatty\u00fas h\u0171t\u0151-f\u0171t\u0151 rendszerrel,\u00a0a vizes helyis\u00e9gekben elsz\u00edv\u00f3 berendez\u00e9ssel. A lak\u00e1sokhoz tartozik egy szepar\u00e1lt, z\u00e1rhat\u00f3 t\u00e1rol\u00f3 is.<\/p>\n\n\n\n<div class=\"wp-container-3 wp-block-group\"><div class=\"wp-block-group__inner-container\">\n<figure class=\"wp-block-gallery has-nested-images columns-default is-cropped\">\n<figure class=\"wp-block-image size-large\"><img loading=\"lazy\" width=\"693\" height=\"781\" src=\"https:\/\/i-pro.hu\/wp-content\/uploads\/2026\/04\/Alaprajz_A1_37nm-4.png\" alt=\"\" class=\"wp-image-429\" srcset=\"https:\/\/i-pro.hu\/wp-content\/uploads\/2026\/04\/Alaprajz_A1_37nm-4.png 693w, https:\/\/i-pro.hu\/wp-content\/uploads\/2026\/04\/Alaprajz_A1_37nm-4-266x300.png 266w\" sizes=\"(max-width: 693px) 100vw, 693px\" \/><\/figure>\n\n\n\n<figure class=\"wp-block-image size-large\"><img loading=\"lazy\" width=\"669\" height=\"782\" src=\"https:\/\/i-pro.hu\/wp-content\/uploads\/2026\/04\/Alaprajz_A2_35nm.png\" alt=\"\" class=\"wp-image-430\" srcset=\"https:\/\/i-pro.hu\/wp-content\/uploads\/2026\/04\/Alaprajz_A2_35nm.png 669w, https:\/\/i-pro.hu\/wp-content\/uploads\/2026\/04\/Alaprajz_A2_35nm-257x300.png 257w\" sizes=\"(max-width: 669px) 100vw, 669px\" \/><\/figure>\n<\/figure>\n<\/div><\/div>\n\n\n\n<h3>Els\u0151 emeleti 54 \u00e9s 71 n\u00e9gyzetm\u00e9teres lak\u00e1sok<\/h3>\n\n\n\n<p>Az els\u0151 emeleti lak\u00e1sokban g\u00e1z f\u0171t\u00e9s van radi\u00e1torokkal. A 71 n\u00e9gyzetm\u00e9teres lak\u00e1sokhoz k\u00e9t terasz tartozik, k\u00fcl\u00f6n kij\u00e1rattal.<\/p>\n\n\n\n<figure class=\"wp-block-gallery has-nested-images columns-default is-cropped\">\n<figure class=\"wp-block-image size-large\"><img loading=\"lazy\" width=\"1024\" height=\"797\" data-id=\"438\"  src=\"https:\/\/i-pro.hu\/wp-content\/uploads\/2026\/04\/Alaprajz_C4_55nm-1024x797.png\" alt=\"\" class=\"wp-image-438\" srcset=\"https:\/\/i-pro.hu\/wp-content\/uploads\/2026\/04\/Alaprajz_C4_55nm-1024x797.png 1024w, https:\/\/i-pro.hu\/wp-content\/uploads\/2026\/04\/Alaprajz_C4_55nm-300x234.png 300w, https:\/\/i-pro.hu\/wp-content\/uploads\/2026\/04\/Alaprajz_C4_55nm-768x598.png 768w, https:\/\/i-pro.hu\/wp-content\/uploads\/2026\/04\/Alaprajz_C4_55nm-1140x888.png 1140w, https:\/\/i-pro.hu\/wp-content\/uploads\/2026\/04\/Alaprajz_C4_55nm.png 1251w\" sizes=\"(max-width: 1024px) 100vw, 1024px\" \/><\/figure>\n\n\n\n<figure class=\"wp-block-image size-large\"><img loading=\"lazy\" width=\"1024\" height=\"813\" data-id=\"439\"  src=\"https:\/\/i-pro.hu\/wp-content\/uploads\/2026\/04\/Alaprajz_D4_71nm-1024x813.png\" alt=\"\" class=\"wp-image-439\" srcset=\"https:\/\/i-pro.hu\/wp-content\/uploads\/2026\/04\/Alaprajz_D4_71nm-1024x813.png 1024w, https:\/\/i-pro.hu\/wp-content\/uploads\/2026\/04\/Alaprajz_D4_71nm-300x238.png 300w, https:\/\/i-pro.hu\/wp-content\/uploads\/2026\/04\/Alaprajz_D4_71nm-768x610.png 768w, https:\/\/i-pro.hu\/wp-content\/uploads\/2026\/04\/Alaprajz_D4_71nm-1140x905.png 1140w, https:\/\/i-pro.hu\/wp-content\/uploads\/2026\/04\/Alaprajz_D4_71nm.png 1226w\" sizes=\"(max-width: 1024px) 100vw, 1024px\" \/><\/figure>\n<\/figure>\n\n\n\n<h3>M\u00e1sodik emeleti 64 n\u00e9gyzetm\u00e9teres lak\u00e1sok<\/h3>\n\n\n\n<p>A m\u00e1sodik emeleti lak\u00e1sokban padl\u00f3f\u0171t\u00e9s van, h\u0151szivatty\u00fas h\u0171t\u0151-f\u0171t\u0151 rendszerrel,\u00a0a vizes helyis\u00e9gekben elsz\u00edv\u00f3 berendez\u00e9ssel.<\/p>\n\n\n\n<figure class=\"wp-block-gallery has-nested-images columns-default is-cropped\">\n<figure class=\"wp-block-image size-full\"><img loading=\"lazy\" width=\"1024\" height=\"792\" data-id=\"444\"  src=\"https:\/\/i-pro.hu\/wp-content\/uploads\/2026\/04\/Alaprajz_A6_64nm-1024x792.png\" alt=\"\" class=\"wp-image-444\" srcset=\"https:\/\/i-pro.hu\/wp-content\/uploads\/2026\/04\/Alaprajz_A6_64nm-1024x792.png 1024w, https:\/\/i-pro.hu\/wp-content\/uploads\/2026\/04\/Alaprajz_A6_64nm-300x232.png 300w, https:\/\/i-pro.hu\/wp-content\/uploads\/2026\/04\/Alaprajz_A6_64nm-768x594.png 768w, https:\/\/i-pro.hu\/wp-content\/uploads\/2026\/04\/Alaprajz_A6_64nm-1140x882.png 1140w, https:\/\/i-pro.hu\/wp-content\/uploads\/2026\/04\/Alaprajz_A6_64nm.png 1251w\" sizes=\"(max-width: 1024px) 100vw, 1024px\" \/><\/figure>\n<\/figure>\n\n\n\n<p>A lak\u00e1sokkal kapcsolatban \u00e9rdekl\u0151dni a juharliget@i-pro.hu e-mail c\u00edmen lehet.<\/p>\n","protected":false},"excerpt":{"rendered":"<p>Esztergom-Kertv\u00e1rosban a Keszt\u00f6lci \u00fat 2. sz\u00e1m alatt \u00e9p\u00fcl\u0151 Juharliget lak\u00f3park lak\u00e1sai el\u0151rendelhet\u0151v\u00e9 v\u00e1ltak. A 28 lak\u00e1sos lak\u00f3park a k\u00f6rforgalom k\u00f6zel\u00e9ben, a bev\u00e1s\u00e1rl\u00f3 \u00fczlet \u00e9s az \u00fajonnan ny\u00edlt sportk\u00f6zpont szomsz\u00e9ds\u00e1g\u00e1ban, rendk\u00edv\u00fcl frekvent\u00e1lt helyen van, n\u00e9h\u00e1ny percre a buszmeg\u00e1ll\u00f3t\u00f3l. A ter\u00fclet beker\u00edtett, parkol\u00e1s a lak\u00e1s el\u0151tt k\u00f6zvetlen\u00fcl dedik\u00e1lt parkol\u00f3helyen t\u00f6rt\u00e9nik. Minden lak\u00e1s k\u00fcl\u00f6n bej\u00e1rat\u00fa, teraszos. Az \u00e9p\u00fclet 20cm-es dryvit szigetel\u00e9ssel \u00e9s 3 r\u00e9teg\u0171 red\u0151ny\u00f6s ny\u00edl\u00e1sz\u00e1r\u00f3kkal rendelkezik, ennek k\u00f6sz\u00f6nhet\u0151en A++ energetikai besorol\u00e1s\u00fa, \u00edgy minim\u00e1lis a rezsik\u00f6lts\u00e9ge. A lak\u00e1sok kulcsrak\u00e9sz \u00e1llapotban ker\u00fclnek \u00e1tad\u00e1sra 2026 \u00e9v v\u00e9g\u00e9ig, konyhab\u00fator n\u00e9lk\u00fcl. A bels\u0151 burkolatok, szaniterek a vev\u0151 \u00edzl\u00e9se alapj\u00e1n v\u00e1laszhat\u00f3ak. A modern, h\u00e1rom szintes \u00e9p\u00fcletben a k\u00f6vetkez\u0151 lak\u00e1sok ker\u00fclnek kialak\u00edt\u00e1sra: 12 db 35-37 n\u00e9gyzetm\u00e9teres f\u00f6ldszinti lak\u00e1s 6 db 54 n\u00e9gyzetm\u00e9teres 1. emeleti lak\u00e1s 2 db 71 n\u00e9gyzetm\u00e9teres 1. emeleti lak\u00e1s 8 db 64 n\u00e9gyzetm\u00e9teres 2. emeleti lak\u00e1s F\u00f6ldszinti 35-37 n\u00e9gyzetm\u00e9teres lak\u00e1sok A f\u00f6ldszinti lak\u00e1sokban padl\u00f3f\u0171t\u00e9s van, h\u0151szivatty\u00fas h\u0171t\u0151-f\u0171t\u0151 rendszerrel,\u00a0a vizes helyis\u00e9gekben elsz\u00edv\u00f3 berendez\u00e9ssel. A lak\u00e1sokhoz tartozik egy szepar\u00e1lt, z\u00e1rhat\u00f3 t\u00e1rol\u00f3 is. Els\u0151 emeleti 54 \u00e9s 71 n\u00e9gyzetm\u00e9teres lak\u00e1sok Az els\u0151 emeleti lak\u00e1sokban g\u00e1z f\u0171t\u00e9s van radi\u00e1torokkal. A 71 n\u00e9gyzetm\u00e9teres lak\u00e1sokhoz k\u00e9t terasz tartozik, k\u00fcl\u00f6n kij\u00e1rattal. M\u00e1sodik emeleti 64 n\u00e9gyzetm\u00e9teres lak\u00e1sok A m\u00e1sodik emeleti lak\u00e1sokban padl\u00f3f\u0171t\u00e9s van, h\u0151szivatty\u00fas h\u0171t\u0151-f\u0171t\u0151 rendszerrel,\u00a0a vizes helyis\u00e9gekben elsz\u00edv\u00f3 berendez\u00e9ssel. A lak\u00e1sokkal kapcsolatban \u00e9rdekl\u0151dni a juharliget@i-pro.hu e-mail c\u00edmen lehet.<\/p>\n","protected":false},"author":2,"featured_media":0,"parent":0,"menu_order":0,"comment_status":"closed","ping_status":"closed","template":"","meta":[],"_links":{"self":[{"href":"https:\/\/i-pro.hu\/index.php?rest_route=\/wp\/v2\/pages\/333"}],"collection":[{"href":"https:\/\/i-pro.hu\/index.php?rest_route=\/wp\/v2\/pages"}],"about":[{"href":"https:\/\/i-pro.hu\/index.php?rest_route=\/wp\/v2\/types\/page"}],"author":[{"embeddable":true,"href":"https:\/\/i-pro.hu\/index.php?rest_route=\/wp\/v2\/users\/2"}],"replies":[{"embeddable":true,"href":"https:\/\/i-pro.hu\/index.php?rest_route=%2Fwp%2Fv2%2Fcomments&post=333"}],"version-history":[{"count":45,"href":"https:\/\/i-pro.hu\/index.php?rest_route=\/wp\/v2\/pages\/333\/revisions"}],"predecessor-version":[{"id":452,"href":"https:\/\/i-pro.hu\/index.php?rest_route=\/wp\/v2\/pages\/333\/revisions\/452"}],"wp:attachment":[{"href":"https:\/\/i-pro.hu\/index.php?rest_route=%2Fwp%2Fv2%2Fmedia&parent=333"}],"curies":[{"name":"wp","href":"https:\/\/api.w.org\/{rel}","templated":true}]}}